 is divided by 5?
3
What is the remainder when 857 is divided by 6?
5
Calculate the remainder when 283 is divided by 20.
3
Calculate the remainder when 181 is divided by 93.
88
Calculate the remainder when 264 is divided by 48.
24
Calculate the remainder when 590 is divided by 39.
5
Calculate the remainder when 110 is divided by 21.
5
Calculate the remainder when 729 is divided by 14.
1
Calculate the remainder when 499 is divided by 243.
13
What is the remainder when 2288 is divided by 13?
0
Calculate the remainder when 998 is divided by 16.
6
What is the remainder when 5503 is divided by 64?
63
What is the remainder when 130 is divided by 19?
16
What is the remainder when 27 is divided by 12?
3
What is the remainder when 1231 is divided by 112?
111
Calculate the remainder when 402 is divided by 24.
18
What is the remainder when 899 is divided by 291?
26
What is the remainder when 310 is divided by 39?
37
What is the remainder when 30167 is divided by 72?
71
Calculate the remainder when 22109 is divided by 402.
401
What is the remainder when 1075 is divided by 1044?
31
What is the remainder when 1207 is divided by 598?
11
Calculate the remainder when 1699 is divided by 50.
49
Calculate the remainder when 277 is divided by 215.
62
Calculate the remainder when 1979 is divided by 33.
32
Calculate the remainder when 79 is divided by 43.
36
Calculate the remainder when 298 is divided by 12.
10
Calculate the remainder when 1056 is divided by 81.
3
What is the remainder when 671 is divided by 56?
55
Calculate the remainder when 1251 is divided by 44.
19
Calculate the remainder when 114 is divided by 5.
4
What is the remainder when 1713 is divided by 17?
13
Calculate the remainder when 165 is divided by 124.
41
Calculate the remainder when 114 is divided by 17.
12
Calculate the remainder when 524 is divided by 108.
92
What is the remainder when 26 is divided by 22?
4
Calculate the remainder when 6082 is divided by 28.
6
What is the remainder when 58 is divided by 23?
12
Calculate the remainder when 181 is divided by 38.
29
What is the remainder when 6617 is divided by 86?
81
What is the remainder when 1645 is divided by 138?
127
What is the remainder when 2123 is divided by 239?
211
Calculate the remainder when 358 is divided by 45.
43
What is the remainder when 87 is divided by 29?
0
What is the remainder when 5713 is divided by 127?
125
What is the remainder when 122 is divided by 31?
29
What is the remainder when 273 is divided by 57?
45
What is the remainder when 172 is divided by 73?
26
Calculate the remainder when 169 is divided by 35.
29
What is the remainder when 106 is divided by 62?
44
Calculate the remainder when 161 is divided by 27.
26
What is the remainder when 131 is divided by 116?
15
Calculate the remainder when 184 is divided by 51.
31
Calculate the remainder when 230 is divided by 42.
20
Calculate the remainder when 315 is divided by 70.
35
Calculate the remainder when 3069 is divided by 8.
5
Calculate the remainder when 1427 is divided by 19.
2
What is the remainder when 13 is divided by 8?
5
What is the remainder when 1524 is divided by 28?
12
Calculate the remainder when 1823 is divided by 8.
7
What is the remainder when 220 is divided by 77?
66
Calculate the remainder when 669 is divided by 48.
45
What is the remainder when 101 is divided by 41?
19
Calculate the remainder when 1010 is divided by 1004.
6
Calculate the remainder when 524 is divided by 37.
6
Calculate the remainder when 41 is divided by 22.
19
Calculate the remainder when 413 is divided by 88.
61
What is the remainder when 91 is divided by 17?
6
Calculate the remainder when 1264 is divided by 417.
13
What is the remainder when 1247 is divided by 43?
0
What is the remainder when 2834 is divided by 81?
80
Calculate the remainder when 6495 is divided by 112.
111
Calculate the remainder when 40 is divided by 5.
0
Calculate the remainder when 228 is divided by 75.
3
Calculate the remainder when 344 is divided by 135.
74
Calculate the remainder when 7306 is divided by 42.
40
What is the remainder when 148 is divided by 44?
16
What is the remainder when 12581 is divided by 104?
101
Calculate the remainder when 93 is divided by 35.
23
Calculate the remainder when 43 is divided by 37.
6
What is the remainder when 61 is divided by 46?
15
Calculate the remainder when 22759 is divided by 281.
279
Calculate the remainder when 30 is divided by 11.
8
What is the remainder when 68 is divided by 12?
8
What is the remainder when 239 is divided by 225?
14
What is the remainder when 294 is divided by 43?
36
What is the remainder when 616 is divided by 57?
46
Calculate the remainder when 261 is divided by 120.
21
Calculate the remainder when 24 is divided by 20.
4
Calculate the remainder when 1677 is divided by 84.
81
What is the remainder when 3064 is divided by 441?
418
Calculate the remainder when 183 is divided by 23.
22
What is the remainder when 5017 is divided by 193?
192
Calculate the remainder when 466 is divided by 63.
25
Calculate the remainder when 1278 is divided by 423.
9
What is the remainder when 24616 is divided by 22?
20
What is the remainder when 1267 is divided by 10?
7
What is the remainder when 35 is divided by 3?
2
Calculate the remainder when 147 is divided by 7.
0
What is the remainder when 147 is divided by 39?
30
Calculate the remainder when 103 is divided by 35.
33
Calculate the remainder when 1917 is divided by 48.
45
Calculate the remainder when 541 is divided by 89.
7
What is the remainder when 3531 is divided by 141?
6
What is the remainder when 210 is divided by 71?
68
Calculate the remainder when 1339 is divided by 67.
66
What is the remainder when 3740 is divided by 52?
48
What is the remainder when 1079 is divided by 20?
19
Calculate the remainder when 911 is divided by 327.
257
What is the remainder when 186 is divided by 58?
12
What is the remainder when 3853 is divided by 297?
289
What is the remainder when 256 is divided by 41?
10
What is the remainder when 2250 is divided by 439?
55
What is the remainder when 203 is divided by 10?
3
What is the remainder when 108 is divided by 46?
16
What is the remainder when 144 is divided by 44?
12
Calculate the remainder when 1103 is divided by 22.
3
What is the remainder when 177 is divided by 54?
15
Calculate the remainder when 159 is divided by 16.
15
What is the remainder when 518 is divided by 105?
98
Calculate the remainder when 557 is divided by 65.
37
Calculate the remainder when 104 is divided by 31.
11
What is the remainder when 213 is divided by 20?
13
What is the remainder when 44898 is divided by 22?
18
Calculate the remainder when 1095 is divided by 100.
95
Calculate the remainder when 221 is divided by 132.
89
What is the remainder when 1979 is divided by 16?
11
Calculate the remainder when 278 is divided by 90.
8
What is the remainder when 2761 is divided by 689?
5
What is the remainder when 422 is divided by 31?
19
Calculate the remainder when 1029 is divided by 129.
126
What is the remainder when 168 is divided by 57?
54
Calculate the remainder when 4724 is divided by 35.
34
What is the remainder when 239 is divided by 69?
32
Calculate the remainder when 3541 is divided by 46.
45
What is the remainder when 258 is divided by 64?
2
Calculate the remainder when 96 is divided by 7.
5
Calculate the remainder when 1683 is divided by 835.
13
What is the remainder when 83 is divided by 12?
11
What is the remainder when 7630 is divided by 36?
34
What is the remainder when 348 is divided by 16?
12
What is the remainder when 547 is divided by 69?
64
Calculate the remainder when 145 is divided by 25.
20
What is the remainder when 1600 is divided by 56?
32
What is the remainder when 85 is divided by 30?
25
What is the remainder when 78 is divided by 28?
22
Calculate the remainder when 328 is divided by 38.
24
What is the remainder when 114 is divided by 23?
22
What is the remainder when 674 is divided by 70?
44
Calculate the remainder when 1136 is divided by 17.
14
What is the remainder when 444 is divided by 390?
54
What is the remainder when 3337 is divided by 237?
19
Calculate the remainder when 2577 is divided by 30.
27
Calculate the remainder when 147 is divided by 37.
36
What is the remainder